at is the remainder when 99 is divided by (3 + 54)/3 + w?
19
Let a be (-2 - 3)*4/(-5). Let w(z) = -4*z - 11*z + 2*z**2 + 0*z + 0*z + a. Calculate the remainder when w(-5) is divided by 26.
25
Let d(r) = r**3 + 11*r**2 - 3*r - 13. What is the remainder when 158/5 + 24/60 is divided by d(-11)?
12
Let j be 10890/40 + 9 + (-2)/8. Let g = 332 - j. Calculate the remainder when g is divided by 26.
25
Let y = -7618 - -8251. What is the remainder when y is divided by 154?
17
Suppose -4*l = -11*l + 847. Suppose -5*c = -5*j + 195, 0*j + c + 203 = 5*j. Calculate the remainder when l is divided by j.
39
Let u = 9 + -71. Let r = u + 89. Calculate the remainder when r is divided by 6.
3
Suppose z = 5*w + 286, 5*w - 838 = z - 4*z. Calculate the remainder when z is divided by 71.
68
Suppose 100*t - 60 = 97*t - 4*s, -4*t - 3*s = -73. What is the remainder when 2270 is divided by t?
14
Suppose -33*d + 5443 - 5014 = 0. Suppose -3*q = 3*i + 2*i - 4351, -3*i + q + 2605 = 0. Calculate the remainder when i is divided by d.
11
Let x(y) = -44*y + 6. Let c be x(-3). Let a = 151 - c. Calculate the remainder when 35 is divided by a.
9
Calculate the remainder when (-12 + -93)*-2*(-1)/(-2) is divided by 31 - (2 + -3 + 5).
24
Calculate the remainder when 1957 is divided by 9 - (120/75)/((-2)/55).
49
Suppose 12*c - 2*c = 30. Suppose -4*v = -5*w - 70, -c*v - 2*w + 61 = 20. What is the remainder when 208 is divided by v?
13
Let z = -4150 - -2367. Let o = z - -1808. Suppose 2*f = 7*f - 165. What is the remainder when f is divided by o?
8
Let r be 32/56*7 - (0 - -4). Suppose -4*c + 11*c - 280 = r. What is the remainder when c is divided by 4?
0
Let c(z) = -z + 25. Let n(k) = 4*k**2 - 6*k + 7. Let t be n(2). Let x be c(t). Let a = 34 - x. Calculate the remainder when 39 is divided by a.
19
Let p be (-4426)/22 - 2/(-11). Let f = -114 - p. What is the remainder when f is divided by -7 - (4158/(-315) - (-22)/10)?
3
Calculate the remainder when 2712 is divided by 126 + (10 - 8)/((-1)/4).
116
Suppose 0 = -3*f + 5*n + 69 - 9, n = -2*f + 27. Suppose -499983 = 58*b - 500853. Calculate the remainder when b is divided by f.
0
Suppose 5*y = -3*h - 916, y + 1261 + 295 = -5*h. Let k = h - -343. Calculate the remainder when k is divided by 11.
9
Let g = -1333 + 1430. What is the remainder when 701 is divided by g?
22
Suppose 4*j + f - 225 = -87, -5*j - 4*f + 178 = 0. Calculate the remainder when 338 is divided by j.
32
Let o be ((-408)/(-36) - 13)*24/(-10). Suppose 0 = -o*j - n + 209, -n + 65 = j - 5*n. What is the remainder when j is divided by 8?
5
Suppose -5*x + 60 = u, 5*u - 116 - 126 = 4*x. Let r(p) = 1 + p + 16 - 5 + 12. What is the remainder when u is divided by r(-7)?
16
Let z be -9 + (10 - 5) - (1 - 10). Suppose 12*k = 2*v + 10*k - 118, z*k = -2*v + 118. Calculate the remainder when v is divided by 15.
14
Let r(k) = 25*k. Let i be (1/(-2))/(3/(-6)). Suppose 17919*g = 17858*g + 4514. What is the remainder when g is divided by r(i)?
24
Suppose 19 + 25 = 2*w. Suppose -w*h + 23*h - 20 = 0. Suppose -22*u + 20*u = -194. What is the remainder when u is divided by h?
17
Let t be (-2 - (0 - 4))*6/(-4). Calculate the remainder when -2 - -1 - 244/(-1 + t) is divided by 13.
8
Suppose 30*g + 3 = 51*g - 60. What is the remainder when 4161 is divided by g?
0
Suppose 0 = -10*b + 37 + 193. Let u(l) = 5*l**2 - 17*l + 53. Calculate the remainder when u(6) is divided by b.
16
Let n(z) = z**3 + 8*z**2 + 6*z - 12. Let y(w) = -6*w - 82. Let l be y(-13). Calculate the remainder when 100 is divided by n(l).
16
Suppose 0 = 4*s - 85*t + 90*t, -t + 21 = 5*s. Let a(k) = 2*k**2 + 5*k + 3. Let y be a(-3). Let i = 0 + y. What is the remainder when i is divided by s?
1
Let t be 2*5/(-2) + -126 + 139. Suppose -2 = 5*f + t, 4*h - f = 74. Calculate the remainder when 229 is divided by h.
13
Suppose 43*a - 178 - 1026 = 0. Let k(r) = 36*r - 64*r - 2 - 70*r. What is the remainder when k(-2) is divided by a?
26
Suppose -5*g = -10*g + 400. Suppose 0 = 11*k - 13*k + 10. Suppose 0 = -3*a - k*x + 99, 84 = 5*a + 5*x - 71. Calculate the remainder when g is divided by a.
24
Let g(w) = 2*w**2 - 26*w - 112. Let a be g(0). Let o(s) = 47*s + 4. Let t be o(4). Let b = t + a. What is the remainder when b is divided by 14?
10
Let y(q) = -2*q**3 - 79*q**2 - 536*q - 71. What is the remainder when y(-31) is divided by 127?
81
Calculate the remainder when 397 is divided by 38/(-95) + ((-6)/(-12) - 13494/(-60)).
172
Let z(a) = 18*a**2 + 54*a + 2755. What is the remainder when z(-29) is divided by 46?
43
Suppose 0 = 3*u + 15*y - 12*y + 336, -4*y = -2*u - 236. Let x = 117 + u. Suppose 111 = 2*m - 5*l, x = 4*l - 9. Calculate the remainder when m is divided by 16.
15
Suppose 3*x - 5*c - 80 = -281, -5*c = 0. Let p = x + 65. What is the remainder when -1 + 4 + p - -21 is divided by 13?
9
Let x = 6 + -3. Let l = -4020 + 4042. Calculate the remainder when 34 + (x - 3)/(-3) is divided by l.
12
Let o be (1784/14 - 6) + (-6)/14. Suppose -5*b - 5*s = -105, 2*b + o = 7*b - 3*s. Calculate the remainder when 103 is divided by b.
11
Suppose 0 = 7*l - 2*l - 3*l. Suppose -i + l*h + 7 = -2*h, 0 = i + 2*h - 19. Let c = 18 - 12. Calculate the remainder when i is divided by c.
1
Suppose 52*z - 5974 = 7962. What is the remainder when z is divided by 94?
80
Let o(u) be the first derivative of 29 - 1/3*u**3 + 15*u**2 - 66*u. Calculate the remainder when 44 is divided by o(27).
14
Let d(c) = 17*c - 110. Let v be d(0). Let k = -83 - v. What is the remainder when k is divided by 12?
3
Let v = 217 - 207. Suppose -7*b = -2*b - v, 49 = 5*p + 2*b. Calculate the remainder when 33 is divided by p.
6
Suppose 4*g - v = 733 + 8762, 3*g - 2*v - 7125 = 0. Calculate the remainder when g is divided by 44.
41
Let k = 3311 + -3225. Calculate the remainder when 109 is divided by k.
23
Suppose 82 = 20*a - 15*a + 4*b, 0 = 3*a + b - 52. Let u = 261 - 118. What is the remainder when u is divided by a?
17
Let v(z) = -43*z + 55. Calculate the remainder when 1868 is divided by v(-5).
248
Let q(s) = 3*s**3 - 4*s**2 + 4*s + 1. Suppose -492*d = -8501 - 590263. What is the remainder when d is divided by q(3)?
57
Suppose -q - 2*w + 45 = 0, -31*q - 5*w - 144 = -33*q. Calculate the remainder when 1564 is divided by q.
25
Suppose -33 = -3*h + 12. Let d = -45 - -60. Suppose 0 = 16*f - d*f - 54. Calculate the remainder when f is divided by h.
9
Let h(b) = b + 2*b**2 - 3*b - 24 + 5*b**2 - 6*b**2. Calculate the remainder when 32 is divided by h(7).
10
Let o(y) = -y**2 + 17*y - 9. Let w(d) = d + 35. Suppose 4*a - 4*j = -101 + 13, -4*a - 4*j - 64 = 0. Calculate the remainder when o(9) is divided by w(a).
15
Let g = 1261 + -2363. Let w be g/(-6) - 5/(-15). Suppose -9*h + h + w = 0. What is the remainder when h is divided by 12?
11
Let i(p) = p**3 - 15*p**2 - 16*p + 17. What is the remainder when 123 is divided by i(16)?
4
Let l be 3 + 6/(-4 + 2). Suppose l = -u - 1 + 2, -6 = -5*f + 4*u. Suppose 0 = -7*h + f + 89. What is the remainder when h is divided by 3?
1
Let o = 488 - 472. Suppose -p = 14*p - 2850. Calculate the remainder when p is divided by o.
14
Suppose 19*p + 326 = 3*q, 3*q + 23*p - 150 = 20*p. Let u(n) = 23*n**2 - n. Let x be u(-1). Let d = x - 9. Calculate the remainder when q is divided by d.
13
Suppose -214 = -2*w - 5*j, 1526*w - 1530*w + 4*j = -372. What is the remainder when 4073 is divided by w?
96
Let q(k) = k**2 + 14*k - 1232. Calculate the remainder when 264 is divided by q(-43).
9
Let g(a) = a**3 + 22*a**2 - 134*a + 32. Calculate the remainder when 1762 is divided by g(-27).
2
Let c = -22 - -25. Suppose 0 = c*z - 13 + 7. Suppose -b - z = -15. Calculate the remainder when 23 is divided by b.
10
Let j(s) = 3*s + 24 - 9*s + 4*s + s. Let w = 474 + -457. Calculate the remainder when 19 is divided by j(w).
5
Let q = -700 + 727. Suppose 0 = 59*z - 68*z + q. What is the remainder when 3 is divided by z?
0
Calculate the remainder when ((-57950)/855)/(-1 + (-8)/(-9)) is divided by 74.
18
Let g(r) = 27*r + 4. Let u be g(2). Suppose -4*t = -3*f + 4 - 58, -5*t + u = f. What is the remainder when 43*(10/35 - 10/(-14)) is divided by t?
7
Let z be ((-8)/10)/((-6)/(-615)). Let q = z + 104. Calculate the remainder when 61 is divided by q.
17
Let o = 10457 - 10428. Calculate the remainder when 863 is 